{"id":1001,"date":"2020-03-11T20:44:12","date_gmt":"2020-03-11T20:44:12","guid":{"rendered":"https:\/\/tinshack.ca\/?page_id=1001"},"modified":"2024-08-07T12:35:23","modified_gmt":"2024-08-07T12:35:23","slug":"glerups-fr","status":"publish","type":"page","link":"https:\/\/tinshack.ca\/mystaging03\/fr\/glerups-fr\/","title":{"rendered":"Glerups-fr"},"content":{"rendered":"<p>[et_pb_section fb_built=&#8221;1&#8243; admin_label=&#8221;Hero&#8221; module_id=&#8221;leadImage&#8221; _builder_version=&#8221;4.0.7&#8243; background_color=&#8221;#fcfcfc&#8221; background_image=&#8221;https:\/\/tinshack.ca\/mystaging03\/wp-content\/uploads\/2019\/10\/Glerups-Gotland-Sheep-banner.jpg&#8221; parallax=&#8221;on&#8221; width_tablet=&#8221;100%&#8221; width_phone=&#8221;auto&#8221; width_last_edited=&#8221;on|tablet&#8221; min_height_tablet=&#8221;577px&#8221; min_height_phone=&#8221;452px&#8221; min_height_last_edited=&#8221;off|tablet&#8221; height=&#8221;713px&#8221; height_tablet=&#8221;416px&#8221; height_phone=&#8221;577px&#8221; height_last_edited=&#8221;on|phone&#8221; max_height_tablet=&#8221;564px&#8221; max_height_last_edited=&#8221;off|tablet&#8221; custom_padding=&#8221;223px||322px|||&#8221; animation_style=&#8221;zoom&#8221; animation_intensity_zoom=&#8221;4%&#8221; box_shadow_style=&#8221;preset6&#8243; box_shadow_color=&#8221;#000000&#8243;][\/et_pb_section][et_pb_section fb_built=&#8221;1&#8243; _builder_version=&#8221;4.0.7&#8243; custom_padding=&#8221;7px||2px||false|false&#8221;][et_pb_row _builder_version=&#8221;3.26.6&#8243; custom_padding=&#8221;17px||19px|||&#8221;][et_pb_column type=&#8221;4_4&#8243; _builder_version=&#8221;3.26.6&#8243;][et_pb_image src=&#8221;https:\/\/tinshack.ca\/mystaging03\/wp-content\/uploads\/2019\/10\/Glerups-logo.jpg&#8221; url=&#8221;https:\/\/glerups.ca&#8221; url_new_window=&#8221;on&#8221; align=&#8221;center&#8221; admin_label=&#8221;Buy Glerups Online&#8221; module_id=&#8221;brandLogo&#8221; _builder_version=&#8221;4.0.7&#8243; width=&#8221;33%&#8221; width_tablet=&#8221;68%&#8221; width_phone=&#8221;89%&#8221; width_last_edited=&#8221;on|desktop&#8221; max_width_tablet=&#8221;&#8221; max_width_phone=&#8221;&#8221; max_width_last_edited=&#8221;on|desktop&#8221; custom_margin=&#8221;||||false|false&#8221;][\/et_pb_image][\/et_pb_column][\/et_pb_row][et_pb_row _builder_version=&#8221;4.0.7&#8243; background_size=&#8221;initial&#8221; background_position=&#8221;top_left&#8221; background_repeat=&#8221;repeat&#8221; custom_padding=&#8221;21px||17px||false|false&#8221; animation_style=&#8221;fade&#8221;][et_pb_column type=&#8221;4_4&#8243; _builder_version=&#8221;4.0.7&#8243; custom_padding=&#8221;|||&#8221; custom_padding__hover=&#8221;|||&#8221;][et_pb_text _builder_version=&#8221;4.0.7&#8243;]<\/p>\n<h1><span style=\"color: #000000;\">Vous voudrez les avoir toujours \u00e0 vos pieds !<\/span><\/h1>\n<p>[\/et_pb_text][et_pb_text _builder_version=&#8221;4.0.7&#8243; text_font=&#8221;||||||||&#8221; background_size=&#8221;initial&#8221; background_position=&#8221;top_left&#8221; background_repeat=&#8221;repeat&#8221; custom_margin=&#8221;||-1px|||&#8221; animation_style=&#8221;flip&#8221; animation_intensity_flip=&#8221;20%&#8221;]<\/p>\n<p>Autrefois, les pantoufles vivaient sous le lit. Les pantoufles \u00ab de la chambre \u00e0 coucher\u00a0\u00bb \u00e9taient fades et fatigu\u00e9es, ou elles \u00e9taient roses et floconneuses et elles ne sortaient pas souvent. Un jour, Nanny Glerups r\u00eava qu&#8217;elle lib\u00e9rait les pantoufles. \u00ab\u00a0Une pantoufle devrait \u00eatre confortable, pratique et m\u00eame amusante\u00a0!\u00a0\u00bb Les Glerups vous font sentir comme \u00e0 la maison, partout o\u00f9 vous allez. Apportez vos Glerups quand vous d\u00e9couchez. Glissez-les dans votre sac ou utilisez-les pour reposer vos pieds dans une f\u00eate. Ou lors de longs voyages en avion. Et les Glerups sont \u00ab\u00a0naturellement\u00a0\u00bb \u00e0 l&#8217;aise en camping. Avec vos Glerups, le confort vous suit partout. Vous voudrez les avoir toujours \u00e0 vos pieds \u00a0! <\/p>\n<p>[\/et_pb_text][\/et_pb_column][\/et_pb_row][\/et_pb_section][et_pb_section fb_built=&#8221;1&#8243; make_equal=&#8221;on&#8221; use_custom_gutter=&#8221;on&#8221; gutter_width=&#8221;1&#8243; specialty=&#8221;on&#8221; padding_top_1=&#8221;0px&#8221; admin_label=&#8221;Work Section&#8221; module_id=&#8221;brandGallery&#8221; module_class=&#8221; et_pb_specialty_fullwidth&#8221; _builder_version=&#8221;4.0.7&#8243; width=&#8221;1312px&#8221; width_tablet=&#8221;94%&#8221; width_phone=&#8221;&#8221; width_last_edited=&#8221;on|phone&#8221; module_alignment=&#8221;center&#8221; inner_width=&#8221;100%&#8221; inner_width_tablet=&#8221;100%&#8221; inner_width_phone=&#8221;&#8221; inner_width_last_edited=&#8221;on|desktop&#8221; inner_max_width=&#8221;100%&#8221; inner_max_width_tablet=&#8221;100%&#8221; inner_max_width_phone=&#8221;&#8221; inner_max_width_last_edited=&#8221;on|desktop&#8221; custom_padding=&#8221;30px|5%|11px|5%|false|false&#8221; make_fullwidth=&#8221;on&#8221; locked=&#8221;off&#8221;][et_pb_column type=&#8221;1_2&#8243; _builder_version=&#8221;3.25&#8243; custom_padding=&#8221;|||&#8221; padding_top__hover=&#8221;0px&#8221; parallax__hover=&#8221;off&#8221; parallax_method__hover=&#8221;on&#8221; custom_padding__hover=&#8221;|||&#8221;][et_pb_image src=&#8221;https:\/\/tinshack.ca\/mystaging03\/wp-content\/uploads\/2019\/12\/Glerups_Grey_OpenHeel_Leather_Window_800x825.jpg&#8221; force_fullwidth=&#8221;on&#8221; align_tablet=&#8221;center&#8221; align_phone=&#8221;&#8221; align_last_edited=&#8221;on|desktop&#8221; _builder_version=&#8221;4.0.7&#8243; animation_style=&#8221;flip&#8221; animation_direction=&#8221;right&#8221; animation_intensity_flip=&#8221;30%&#8221; animation_starting_opacity=&#8221;100%&#8221; box_shadow_style=&#8221;preset7&#8243; box_shadow_horizontal=&#8221;0px&#8221; box_shadow_vertical=&#8221;0px&#8221; box_shadow_spread=&#8221;10px&#8221; box_shadow_color=&#8221;#ffffff&#8221;][\/et_pb_image][\/et_pb_column][et_pb_column type=&#8221;1_2&#8243; specialty_columns=&#8221;2&#8243; _builder_version=&#8221;3.25&#8243; custom_padding=&#8221;|||&#8221; parallax__hover=&#8221;off&#8221; parallax_method__hover=&#8221;on&#8221; custom_padding__hover=&#8221;|||&#8221;][et_pb_row_inner _builder_version=&#8221;4.0.7&#8243; background_color=&#8221;#ffffff&#8221; custom_padding=&#8221;0px||0px|&#8221;][et_pb_column_inner saved_specialty_column_type=&#8221;1_2&#8243; _builder_version=&#8221;4.0.7&#8243; background_color=&#8221;#ffffff&#8221; custom_padding=&#8221;|||&#8221; parallax__hover=&#8221;off&#8221; parallax_method__hover=&#8221;on&#8221; custom_padding__hover=&#8221;|||&#8221;][et_pb_image src=&#8221;https:\/\/tinshack.ca\/mystaging03\/wp-content\/uploads\/2019\/10\/Forest-Green-Glerups.jpg&#8221; force_fullwidth=&#8221;on&#8221; align_tablet=&#8221;center&#8221; align_phone=&#8221;&#8221; align_last_edited=&#8221;on|desktop&#8221; _builder_version=&#8221;4.0.7&#8243; animation_style=&#8221;flip&#8221; animation_direction=&#8221;bottom&#8221; animation_intensity_flip=&#8221;30%&#8221; animation_starting_opacity=&#8221;100%&#8221; box_shadow_style=&#8221;preset7&#8243; box_shadow_horizontal=&#8221;0px&#8221; box_shadow_vertical=&#8221;0px&#8221; box_shadow_spread=&#8221;10px&#8221; box_shadow_color=&#8221;#ffffff&#8221;][\/et_pb_image][\/et_pb_column_inner][\/et_pb_row_inner][et_pb_row_inner column_structure=&#8221;1_2,1_2&#8243; _builder_version=&#8221;4.0.7&#8243; background_color=&#8221;#ffffff&#8221; custom_padding=&#8221;0px||0px|&#8221;][et_pb_column_inner type=&#8221;1_2&#8243; saved_specialty_column_type=&#8221;1_2&#8243; _builder_version=&#8221;3.25&#8243; custom_padding=&#8221;|||&#8221; parallax__hover=&#8221;off&#8221; parallax_method__hover=&#8221;on&#8221; custom_padding__hover=&#8221;|||&#8221;][et_pb_image src=&#8221;https:\/\/tinshack.ca\/mystaging03\/wp-content\/uploads\/2019\/10\/Glerups-Red-Closed-Heel.jpg&#8221; align_tablet=&#8221;center&#8221; align_phone=&#8221;&#8221; align_last_edited=&#8221;on|desktop&#8221; _builder_version=&#8221;4.0.7&#8243; min_height=&#8221;282px&#8221; animation_style=&#8221;flip&#8221; animation_intensity_flip=&#8221;30%&#8221; animation_starting_opacity=&#8221;100%&#8221; box_shadow_style=&#8221;preset7&#8243; box_shadow_horizontal=&#8221;0px&#8221; box_shadow_vertical=&#8221;0px&#8221; box_shadow_spread=&#8221;10px&#8221; box_shadow_color=&#8221;#ffffff&#8221;][\/et_pb_image][\/et_pb_column_inner][et_pb_column_inner type=&#8221;1_2&#8243; saved_specialty_column_type=&#8221;1_2&#8243; _builder_version=&#8221;3.25&#8243; custom_padding=&#8221;|||&#8221; parallax__hover=&#8221;off&#8221; parallax_method__hover=&#8221;on&#8221; custom_padding__hover=&#8221;|||&#8221;][et_pb_image src=&#8221;https:\/\/tinshack.ca\/mystaging03\/wp-content\/uploads\/2019\/12\/Glerups-Boot-Charcoal-indoor-shoe.jpg&#8221; align_tablet=&#8221;center&#8221; align_phone=&#8221;&#8221; align_last_edited=&#8221;on|desktop&#8221; _builder_version=&#8221;4.0.7&#8243; min_height=&#8221;282px&#8221; animation_style=&#8221;flip&#8221; animation_direction=&#8221;top&#8221; animation_intensity_flip=&#8221;30%&#8221; animation_starting_opacity=&#8221;100%&#8221; box_shadow_style=&#8221;preset7&#8243; box_shadow_horizontal=&#8221;0px&#8221; box_shadow_vertical=&#8221;0px&#8221; box_shadow_spread=&#8221;10px&#8221; box_shadow_color=&#8221;#ffffff&#8221;][\/et_pb_image][\/et_pb_column_inner][\/et_pb_row_inner][\/et_pb_column][\/et_pb_section][et_pb_section fb_built=&#8221;1&#8243; admin_label=&#8221;Case Study Text&#8221; _builder_version=&#8221;4.0.7&#8243; custom_margin=&#8221;0px||||false|false&#8221; custom_padding=&#8221;25px||30px||false|false&#8221;][et_pb_row column_structure=&#8221;1_2,1_2&#8243; _builder_version=&#8221;3.25&#8243; background_size=&#8221;initial&#8221; background_position=&#8221;top_left&#8221; background_repeat=&#8221;repeat&#8221; animation_style=&#8221;fade&#8221;][et_pb_column type=&#8221;1_2&#8243; _builder_version=&#8221;3.25&#8243; custom_padding=&#8221;|||&#8221; custom_padding__hover=&#8221;|||&#8221;][et_pb_text _builder_version=&#8221;4.0.7&#8243; text_font=&#8221;||||||||&#8221;]<\/p>\n<h2><span style=\"color: #000000;\">Nanny Glerups, fondatrice<\/span><\/h2>\n<p>[\/et_pb_text][et_pb_image src=&#8221;https:\/\/tinshack.ca\/mystaging03\/wp-content\/uploads\/2019\/10\/nanny-glerup_large.jpg&#8221; align=&#8221;center&#8221; _builder_version=&#8221;3.29.3&#8243;][\/et_pb_image][\/et_pb_column][et_pb_column type=&#8221;1_2&#8243; _builder_version=&#8221;3.25&#8243; custom_padding=&#8221;|||&#8221; custom_padding__hover=&#8221;|||&#8221;][et_pb_text _builder_version=&#8221;4.0.7&#8243; text_font=&#8221;||||||||&#8221; text_text_color=&#8221;#6e6e6e&#8221; background_size=&#8221;initial&#8221; background_position=&#8221;top_left&#8221; background_repeat=&#8221;repeat&#8221; custom_margin=&#8221;76px|||||&#8221; animation_style=&#8221;flip&#8221; animation_intensity_flip=&#8221;20%&#8221;]<\/p>\n<p>\u00ab Tout \u00e7a a commenc\u00e9 comme un hobby dans notre petite ferme du Danemark \u2014 l&#8217;id\u00e9e \u00e9tait de faire des pantoufles \u00e0 la fois pratiques, confortables et color\u00e9es pour la famille et les amis, en utilisant notre propre laine. Puis, lentement, \u00e9tape par \u00e9tape, c&#8217;est devenu une vraie passion. C&#8217;est plus rapide aujourd&#8217;hui, mais nous mettons toujours autant d&#8217;amour, de confort naturel et de fiert\u00e9 familiale dans chaque paire de Glerups que nous fabriquons.\u00a0\u00bb<\/p>\n<p>[\/et_pb_text][\/et_pb_column][\/et_pb_row][\/et_pb_section][et_pb_section fb_built=&#8221;1&#8243; module_id=&#8221;brandVideoSection&#8221; _builder_version=&#8221;4.0.7&#8243; background_color=&#8221;#fcd21d&#8221; background_image=&#8221;https:\/\/tinshack.ca\/mystaging03\/wp-content\/uploads\/2019\/10\/footer_greywool.jpg&#8221; custom_padding=&#8221;63px|0px|70px|0px||&#8221;][et_pb_row _builder_version=&#8221;3.25&#8243; background_size=&#8221;initial&#8221; background_position=&#8221;top_left&#8221; background_repeat=&#8221;repeat&#8221;][et_pb_column type=&#8221;4_4&#8243; _builder_version=&#8221;3.25&#8243; custom_padding=&#8221;|||&#8221; custom_padding__hover=&#8221;|||&#8221;][et_pb_code _builder_version=&#8221;3.26.6&#8243;][\/et_pb_code][et_pb_code _builder_version=&#8221;4.3.4&#8243;]<script src=\"https:\/\/tinshack.cdn.vooplayer.com\/assets\/vooplayer.js\"><\/script><iframe allow=\"autoplay\" class=\"video-player-container vooplayer\" data-playerId=\"MjM2MzYw\" allowtransparency=\"true\" style=\"max-width:100%\" name=\"vooplayerframe\" allowfullscreen=\"true\" src=\"\" watch-type=\"\" url-params=\"\" frameborder=\"0\" scrolling=\"no\"> <\/iframe>[\/et_pb_code][\/et_pb_column][\/et_pb_row][\/et_pb_section][et_pb_section fb_built=&#8221;1&#8243; _builder_version=&#8221;4.0.7&#8243; custom_padding=&#8221;30px|0px|50px|0px|false|false&#8221;][et_pb_row column_structure=&#8221;1_2,1_2&#8243; admin_label=&#8221;Quote&#8221; _builder_version=&#8221;3.25&#8243; background_size=&#8221;initial&#8221; background_position=&#8221;top_left&#8221; background_repeat=&#8221;repeat&#8221;][et_pb_column type=&#8221;1_2&#8243; _builder_version=&#8221;3.25&#8243; custom_padding=&#8221;|||&#8221; custom_padding__hover=&#8221;|||&#8221;][et_pb_image src=&#8221;https:\/\/tinshack.ca\/mystaging03\/wp-content\/uploads\/2019\/10\/Felt_Process_glerups_large.jpg&#8221; force_fullwidth=&#8221;on&#8221; _builder_version=&#8221;3.26.6&#8243; width_tablet=&#8221;100%&#8221; width_phone=&#8221;&#8221; width_last_edited=&#8221;on|phone&#8221; custom_padding=&#8221;45px||||false|false&#8221;][\/et_pb_image][\/et_pb_column][et_pb_column type=&#8221;1_2&#8243; _builder_version=&#8221;3.25&#8243; custom_padding=&#8221;|||&#8221; custom_padding__hover=&#8221;|||&#8221;][et_pb_text admin_label=&#8221;Quote&#8221; _builder_version=&#8221;4.0.7&#8243; text_font=&#8221;||||||||&#8221; text_text_color=&#8221;#747d88&#8243; background_size=&#8221;initial&#8221; background_position=&#8221;top_left&#8221; background_repeat=&#8221;repeat&#8221; text_orientation=&#8221;center&#8221; max_width=&#8221;700px&#8221; module_alignment=&#8221;center&#8221; custom_padding=&#8221;||0px|||&#8221; animation_style=&#8221;flip&#8221; animation_direction=&#8221;top&#8221; animation_intensity_flip=&#8221;20%&#8221;]<\/p>\n<h2 style=\"text-align: left;\"><span style=\"color: #000000;\">Qu&#8217;est-ce que le feutrage\u00a0?<\/span><\/h2>\n<p style=\"text-align: left;\">Chez Glerups, nous aimons la laine autant que nos moutons\u00a0! La fa\u00e7on dont les fibres de la laine captent et expulsent l&#8217;humidit\u00e9, le fait que la laine \u00ab\u00a0respire\u00a0\u00bb, tout \u00e7a contribue \u00e0 garder les moutons bien au chaud quand il fait froid et au frais quand il fait chaud.<\/p>\n<p style=\"text-align: left;\">Dans les couches ext\u00e9rieures des fibres de la laine, le gras et les prot\u00e9ines forment un \u00e9cran si compact qu&#8217;aucun fluide ne peut y p\u00e9n\u00e9trer. La vapeur d&#8217;eau peut s&#8217;infiltrer pour assurer votre confort tandis que la sueur ne peut p\u00e9n\u00e9trer la fibre de la laine, diminuant ainsi les risques d&#8217;odeurs et les malaises dus \u00e0 la transpiration.<\/p>\n<p style=\"text-align: left;\">La laine garde la peau du mouton \u00e0 la bonne temp\u00e9rature et c&#8217;est ce qu&#8217;elle fait aussi avec vos pieds. La laine est lav\u00e9e dans de l&#8217;eau douce, puis card\u00e9e et feutr\u00e9e. La mati\u00e8re est alors fa\u00e7onn\u00e9e en forme de chaussettes, puis feutr\u00e9e \u00e0 la vapeur pour un ajustement id\u00e9al\u00a0; des semelles en peau de veau y sont ensuite coll\u00e9es et cousues pour en assurer la durabilit\u00e9.<\/p>\n<p>[\/et_pb_text][\/et_pb_column][\/et_pb_row][et_pb_row column_structure=&#8221;1_2,1_2&#8243; _builder_version=&#8221;3.26.6&#8243;][et_pb_column type=&#8221;1_2&#8243; _builder_version=&#8221;3.26.6&#8243;][et_pb_text _builder_version=&#8221;4.0.7&#8243; text_font=&#8221;||||||||&#8221; link_font=&#8221;||||||||&#8221; link_text_color=&#8221;#474747&#8243; custom_padding=&#8221;||1px|||&#8221; text_font_size_tablet=&#8221;&#8221; text_font_size_phone=&#8221;&#8221; text_font_size_last_edited=&#8221;on|tablet&#8221;]<\/p>\n<h2><span style=\"color: #000000;\">Catalogue en ligne Glerups<\/span><\/h2>\n<p>D\u00e9couvrez notre gamme compl\u00e8te de chaussures Glerups offertes cette saison.<\/p>\n<p>[\/et_pb_text][et_pb_button button_url=&#8221;https:\/\/cdn.shopify.com\/s\/files\/1\/1898\/6189\/files\/FRN_Glerups_Catalogue_2023_WEB_LowRes.pdf?v=1701205093&#8243; url_new_window=&#8221;on&#8221; button_text=&#8221;Consulter le catalogue Glerups &#8221; button_alignment=&#8221;center&#8221; button_alignment_tablet=&#8221;center&#8221; button_alignment_phone=&#8221;&#8221; button_alignment_last_edited=&#8221;on|tablet&#8221; _builder_version=&#8221;4.4.2&#8243; custom_button=&#8221;on&#8221; button_text_color=&#8221;#000000&#8243; button_border_radius=&#8221;32px&#8221; button_font=&#8221;|600|||||||&#8221; button_rel=&#8221;off|off|on|off|off&#8221; z_index=&#8221;195&#8243; custom_padding=&#8221;10px||10px||false|false&#8221; hover_enabled=&#8221;0&#8243; box_shadow_style=&#8221;preset3&#8243;][\/et_pb_button][\/et_pb_column][et_pb_column type=&#8221;1_2&#8243; _builder_version=&#8221;3.26.6&#8243;][et_pb_image url=&#8221;\/wp-content\/uploads\/2019\/10\/GlerupsCatalogue_2017_WEB_ENG.pdf&#8221; url_new_window=&#8221;on&#8221; align=&#8221;center&#8221; _builder_version=&#8221;4.4.2&#8243; custom_padding=&#8221;42px|||||&#8221; hover_enabled=&#8221;0&#8243; src=&#8221;https:\/\/www.tinshack.ca\/wp-content\/uploads\/2024\/08\/glerups_catalogue_cover_500x500_FR.png&#8221;][\/et_pb_image][\/et_pb_column][\/et_pb_row][et_pb_row _builder_version=&#8221;4.0.7&#8243;][et_pb_column type=&#8221;4_4&#8243; _builder_version=&#8221;4.0.7&#8243;][et_pb_button button_url=&#8221;https:\/\/www.glerups.ca&#8221; url_new_window=&#8221;on&#8221; button_text=&#8221;Visiter Glerups.ca&#8221; button_alignment=&#8221;center&#8221; _builder_version=&#8221;4.4.1&#8243; custom_button=&#8221;on&#8221; button_text_color=&#8221;#000000&#8243; button_border_radius=&#8221;24px&#8221; button_font=&#8221;|600|||||||&#8221; button_icon=&#8221;%%24%%&#8221; button_icon_color=&#8221;#000000&#8243; custom_margin=&#8221;50px||||false|false&#8221; custom_margin_tablet=&#8221;&#8221; custom_margin_phone=&#8221;&#8221; custom_margin_last_edited=&#8221;on|phone&#8221; custom_padding=&#8221;5px||5px||false|false&#8221; box_shadow_style=&#8221;preset3&#8243;][\/et_pb_button][\/et_pb_column][\/et_pb_row][\/et_pb_section]<\/p>\n","protected":false},"excerpt":{"rendered":"<p>Vous voudrez les avoir toujours \u00e0 vos pieds !Autrefois, les pantoufles vivaient sous le lit. Les pantoufles \u00ab de la chambre \u00e0 coucher\u00a0\u00bb \u00e9taient fades et fatigu\u00e9es, ou elles \u00e9taient roses et floconneuses et elles ne sortaient pas souvent. Un jour, Nanny Glerups r\u00eava qu&#8217;elle lib\u00e9rait les pantoufles. \u00ab\u00a0Une pantoufle devrait \u00eatre confortable, pratique et [&hellip;]<\/p>\n","protected":false},"author":1,"featured_media":0,"parent":0,"menu_order":0,"comment_status":"closed","ping_status":"closed","template":"","meta":{"_et_pb_use_builder":"on","_et_pb_old_content":"","_et_gb_content_width":"","_monsterinsights_skip_tracking":false,"_monsterinsights_sitenote_active":false,"_monsterinsights_sitenote_note":"","_monsterinsights_sitenote_category":0,"powered_cache_disable_cache":false,"footnotes":""},"class_list":["post-1001","page","type-page","status-publish","hentry"],"yoast_head":"<!-- This site is optimized with the Yoast SEO plugin v24.6 - https:\/\/yoast.com\/wordpress\/plugins\/seo\/ -->\n<title>Glerups-fr - Tin Shack Ltd<\/title>\n<meta name=\"robots\" content=\"noindex, follow, max-snippet:-1, max-image-preview:large, max-video-preview:-1\" \/>\n<meta property=\"og:locale\" content=\"en_US\" \/>\n<meta property=\"og:type\" content=\"article\" \/>\n<meta property=\"og:title\" content=\"Glerups-fr - Tin Shack Ltd\" \/>\n<meta property=\"og:description\" content=\"Vous voudrez les avoir toujours \u00e0 vos pieds !Autrefois, les pantoufles vivaient sous le lit. Les pantoufles \u00ab de la chambre \u00e0 coucher\u00a0\u00bb \u00e9taient fades et fatigu\u00e9es, ou elles \u00e9taient roses et floconneuses et elles ne sortaient pas souvent. Un jour, Nanny Glerups r\u00eava qu&#039;elle lib\u00e9rait les pantoufles. \u00ab\u00a0Une pantoufle devrait \u00eatre confortable, pratique et [&hellip;]\" \/>\n<meta property=\"og:url\" content=\"https:\/\/tinshack.ca\/mystaging03\/fr\/glerups-fr\/\" \/>\n<meta property=\"og:site_name\" content=\"Tin Shack Ltd\" \/>\n<meta property=\"article:modified_time\" content=\"2024-08-07T12:35:23+00:00\" \/>\n<meta name=\"twitter:card\" content=\"summary_large_image\" \/>\n<meta name=\"twitter:label1\" content=\"Est. reading time\" \/>\n\t<meta name=\"twitter:data1\" content=\"9 minutes\" \/>\n<script type=\"application\/ld+json\" class=\"yoast-schema-graph\">{\"@context\":\"https:\/\/schema.org\",\"@graph\":[{\"@type\":\"WebPage\",\"@id\":\"https:\/\/tinshack.ca\/mystaging03\/fr\/glerups-fr\/\",\"url\":\"https:\/\/tinshack.ca\/mystaging03\/fr\/glerups-fr\/\",\"name\":\"Glerups-fr - Tin Shack Ltd\",\"isPartOf\":{\"@id\":\"https:\/\/tinshack.ca\/mystaging03\/#website\"},\"datePublished\":\"2020-03-11T20:44:12+00:00\",\"dateModified\":\"2024-08-07T12:35:23+00:00\",\"breadcrumb\":{\"@id\":\"https:\/\/tinshack.ca\/mystaging03\/fr\/glerups-fr\/#breadcrumb\"},\"inLanguage\":\"en-US\",\"potentialAction\":[{\"@type\":\"ReadAction\",\"target\":[\"https:\/\/tinshack.ca\/mystaging03\/fr\/glerups-fr\/\"]}]},{\"@type\":\"BreadcrumbList\",\"@id\":\"https:\/\/tinshack.ca\/mystaging03\/fr\/glerups-fr\/#breadcrumb\",\"itemListElement\":[{\"@type\":\"ListItem\",\"position\":1,\"name\":\"Home\",\"item\":\"https:\/\/tinshack.ca\/mystaging03\/\"},{\"@type\":\"ListItem\",\"position\":2,\"name\":\"Glerups-fr\"}]},{\"@type\":\"WebSite\",\"@id\":\"https:\/\/tinshack.ca\/mystaging03\/#website\",\"url\":\"https:\/\/tinshack.ca\/mystaging03\/\",\"name\":\"Tin Shack Ltd\",\"description\":\"Comfort in all the right places.\",\"publisher\":{\"@id\":\"https:\/\/tinshack.ca\/mystaging03\/#organization\"},\"potentialAction\":[{\"@type\":\"SearchAction\",\"target\":{\"@type\":\"EntryPoint\",\"urlTemplate\":\"https:\/\/tinshack.ca\/mystaging03\/?s={search_term_string}\"},\"query-input\":{\"@type\":\"PropertyValueSpecification\",\"valueRequired\":true,\"valueName\":\"search_term_string\"}}],\"inLanguage\":\"en-US\"},{\"@type\":\"Organization\",\"@id\":\"https:\/\/tinshack.ca\/mystaging03\/#organization\",\"name\":\"Tin Shack Ltd\",\"url\":\"https:\/\/tinshack.ca\/mystaging03\/\",\"logo\":{\"@type\":\"ImageObject\",\"inLanguage\":\"en-US\",\"@id\":\"https:\/\/tinshack.ca\/mystaging03\/#\/schema\/logo\/image\/\",\"url\":\"https:\/\/staging.tinshack.ca\/wp-content\/uploads\/2020\/02\/TIN-SHACK-LOGO.svg\",\"contentUrl\":\"https:\/\/staging.tinshack.ca\/wp-content\/uploads\/2020\/02\/TIN-SHACK-LOGO.svg\",\"width\":482,\"height\":182,\"caption\":\"Tin Shack Ltd\"},\"image\":{\"@id\":\"https:\/\/tinshack.ca\/mystaging03\/#\/schema\/logo\/image\/\"}}]}<\/script>\n<!-- \/ Yoast SEO plugin. -->","yoast_head_json":{"title":"Glerups-fr - Tin Shack Ltd","robots":{"index":"noindex","follow":"follow","max-snippet":"max-snippet:-1","max-image-preview":"max-image-preview:large","max-video-preview":"max-video-preview:-1"},"og_locale":"en_US","og_type":"article","og_title":"Glerups-fr - Tin Shack Ltd","og_description":"Vous voudrez les avoir toujours \u00e0 vos pieds !Autrefois, les pantoufles vivaient sous le lit. Les pantoufles \u00ab de la chambre \u00e0 coucher\u00a0\u00bb \u00e9taient fades et fatigu\u00e9es, ou elles \u00e9taient roses et floconneuses et elles ne sortaient pas souvent. Un jour, Nanny Glerups r\u00eava qu'elle lib\u00e9rait les pantoufles. \u00ab\u00a0Une pantoufle devrait \u00eatre confortable, pratique et [&hellip;]","og_url":"https:\/\/tinshack.ca\/mystaging03\/fr\/glerups-fr\/","og_site_name":"Tin Shack Ltd","article_modified_time":"2024-08-07T12:35:23+00:00","twitter_card":"summary_large_image","twitter_misc":{"Est. reading time":"9 minutes"},"schema":{"@context":"https:\/\/schema.org","@graph":[{"@type":"WebPage","@id":"https:\/\/tinshack.ca\/mystaging03\/fr\/glerups-fr\/","url":"https:\/\/tinshack.ca\/mystaging03\/fr\/glerups-fr\/","name":"Glerups-fr - Tin Shack Ltd","isPartOf":{"@id":"https:\/\/tinshack.ca\/mystaging03\/#website"},"datePublished":"2020-03-11T20:44:12+00:00","dateModified":"2024-08-07T12:35:23+00:00","breadcrumb":{"@id":"https:\/\/tinshack.ca\/mystaging03\/fr\/glerups-fr\/#breadcrumb"},"inLanguage":"en-US","potentialAction":[{"@type":"ReadAction","target":["https:\/\/tinshack.ca\/mystaging03\/fr\/glerups-fr\/"]}]},{"@type":"BreadcrumbList","@id":"https:\/\/tinshack.ca\/mystaging03\/fr\/glerups-fr\/#breadcrumb","itemListElement":[{"@type":"ListItem","position":1,"name":"Home","item":"https:\/\/tinshack.ca\/mystaging03\/"},{"@type":"ListItem","position":2,"name":"Glerups-fr"}]},{"@type":"WebSite","@id":"https:\/\/tinshack.ca\/mystaging03\/#website","url":"https:\/\/tinshack.ca\/mystaging03\/","name":"Tin Shack Ltd","description":"Comfort in all the right places.","publisher":{"@id":"https:\/\/tinshack.ca\/mystaging03\/#organization"},"potentialAction":[{"@type":"SearchAction","target":{"@type":"EntryPoint","urlTemplate":"https:\/\/tinshack.ca\/mystaging03\/?s={search_term_string}"},"query-input":{"@type":"PropertyValueSpecification","valueRequired":true,"valueName":"search_term_string"}}],"inLanguage":"en-US"},{"@type":"Organization","@id":"https:\/\/tinshack.ca\/mystaging03\/#organization","name":"Tin Shack Ltd","url":"https:\/\/tinshack.ca\/mystaging03\/","logo":{"@type":"ImageObject","inLanguage":"en-US","@id":"https:\/\/tinshack.ca\/mystaging03\/#\/schema\/logo\/image\/","url":"https:\/\/staging.tinshack.ca\/wp-content\/uploads\/2020\/02\/TIN-SHACK-LOGO.svg","contentUrl":"https:\/\/staging.tinshack.ca\/wp-content\/uploads\/2020\/02\/TIN-SHACK-LOGO.svg","width":482,"height":182,"caption":"Tin Shack Ltd"},"image":{"@id":"https:\/\/tinshack.ca\/mystaging03\/#\/schema\/logo\/image\/"}}]}},"jetpack_sharing_enabled":true,"_links":{"self":[{"href":"https:\/\/tinshack.ca\/mystaging03\/wp-json\/wp\/v2\/pages\/1001","targetHints":{"allow":["GET"]}}],"collection":[{"href":"https:\/\/tinshack.ca\/mystaging03\/wp-json\/wp\/v2\/pages"}],"about":[{"href":"https:\/\/tinshack.ca\/mystaging03\/wp-json\/wp\/v2\/types\/page"}],"author":[{"embeddable":true,"href":"https:\/\/tinshack.ca\/mystaging03\/wp-json\/wp\/v2\/users\/1"}],"replies":[{"embeddable":true,"href":"https:\/\/tinshack.ca\/mystaging03\/wp-json\/wp\/v2\/comments?post=1001"}],"version-history":[{"count":8,"href":"https:\/\/tinshack.ca\/mystaging03\/wp-json\/wp\/v2\/pages\/1001\/revisions"}],"predecessor-version":[{"id":1346,"href":"https:\/\/tinshack.ca\/mystaging03\/wp-json\/wp\/v2\/pages\/1001\/revisions\/1346"}],"wp:attachment":[{"href":"https:\/\/tinshack.ca\/mystaging03\/wp-json\/wp\/v2\/media?parent=1001"}],"curies":[{"name":"wp","href":"https:\/\/api.w.org\/{rel}","templated":true}]}}